the prime factors of (-7)/(-1*((-6)/9 - -1))?
3, 7
Let r be (-3 + 2)/(3/(-9)). Suppose 0 = r*y + 12, 2*i + 3*i = 3*y + 102. What are the prime factors of i?
2, 3
Let t be 10/(-3)*(-12)/10. Suppose 9 = -w + 2*w - t*u, 1 = u. List the prime factors of w.
13
Let v = -18 + 30. List the prime factors of v.
2, 3
Suppose 5*v - 3*v - 6 = 0. Suppose v = j - 1. What are the prime factors of j?
2
Suppose -g - j = g - 254, -2*g = 2*j - 252. List the prime factors of g.
2
Let x(n) = n**3 - 8*n**2 + n - 2. Let t be x(8). List the prime factors of ((-609)/t)/7*-2.
29
Let i = -3 + 5. Let a be i + (1/1 - -2). Suppose 30 + a = 5*t. List the prime factors of t.
7
Let q(d) = -1 - 2*d - 2*d + 8*d + 2*d. Suppose -2*k = -6*k + 16. List the prime factors of q(k).
23
Suppose 5*t + 4*h = 254, 5*t - t + 4*h - 204 = 0. List the prime factors of t.
2, 5
Let z = -8 - -4. What are the prime factors of (-1)/z + (-254)/(-8)?
2
Suppose 25 = -3*c + 8*c. Let o = c + 9. List the prime factors of o.
2, 7
Suppose 0 = 4*v + v - 275. List the prime factors of v.
5, 11
Suppose -48 = -4*k - 4*m, -2*k = -2*m + 7*m - 30. What are the prime factors of k?
2, 5
Suppose -3*v = -11 - 37. Suppose -2*q = -v - 24. What are the prime factors of q?
2, 5
List the prime factors of ((-16)/(-28))/((-4)/(-14)).
2
Let c = -11 + 7. What are the prime factors of ((-60)/16 - 1)*c?
19
Let j(s) = -s**3 + 0*s**2 - 2*s**2 + s**2 + 7. List the prime factors of j(0).
7
Suppose 7*p = -2*h + 3*p + 46, 2*h + 5*p - 45 = 0. What are the prime factors of h?
5
Suppose 3*z - 279 = 4*g, 4*z - 2*g = -7*g + 372. List the prime factors of z.
3, 31
Let y(p) = -p**3 - p**2 + p + 2. Let z be y(0). Let w be (z + 49)*(1 + 0). Suppose w = 5*f - 14. What are the prime factors of f?
13
Let p = 4 - 2. Let a be ((-6)/(-9))/(2/(-6)). What are the prime factors of 2/((a - -1) + p)?
2
Let v be ((-3)/9)/((-2)/42). Suppose 3*l = -4*b + v + 16, 4 = 4*l. What are the prime factors of b?
5
Suppose -2*c + 0 = 4. Let x(o) = -o**2 + 5*o - 7. Let j(n) = -6*n**2 + 26*n - 35. Let p(s) = c*j(s) + 11*x(s). List the prime factors of p(-5).
3
List the prime factors of -58*5/(-20)*22.
11, 29
Let q = 41 + -29. List the prime factors of q.
2, 3
Let d(v) be the third derivative of 2/3*v**3 + 0 - 1/24*v**4 - v**2 + 0*v. List the prime factors of d(-7).
11
Suppose 0 = 4*w + 12 - 616. List the prime factors of w.
151
Let g = 48 - 30. List the prime factors of g.
2, 3
Let c(l) = -7*l - 1. Let i(t) = -t. Let w(q) = c(q) + 6*i(q). List the prime factors of w(-2).
5
Suppose 0 = h - 5*h + 2*n - 48, 3*h = -3*n - 18. Let x = -8 + 6. List the prime factors of (-4)/(x - 0) - h.
2, 3
Let v(y) = -y**2 + 5*y + 2. Let h be v(-6). Let z = -44 - h. What are the prime factors of z?
2, 5
Let l(m) = m**3 + 4*m**2 - 8*m - 6. Let y be l(-5). Let x = 3 - y. What are the prime factors of (-2 + 4)/((-4)/x)?
3
Let j(y) = -y**2 - 6*y - 1. Suppose 0 = 4*p - 9*p - 35. Let c be j(p). Let s = 12 + c. What are the prime factors of s?
2
Suppose 4*j + z - 70 = 0, z + 0*z = 3*j - 49. Let m = -2 + j. What are the prime factors of m?
3, 5
Let x = -13 - -38. What are the prime factors of x?
5
Let c = 2 + -2. Suppose 3*b + 15 = c, 5*p + 3*b - 129 = p. List the prime factors of p.
2, 3
Let s(v) = 19*v + 13. What are the prime factors of s(4)?
89
Suppose -5*i - 10 + 30 = 0. Suppose 0 = i*w + 3*v - 132 + 24, 0 = 3*w + 3*v - 84. List the prime factors of w.
2, 3
What are the prime factors of (54/(6/(-2)))/((-46)/1081)?
3, 47
Let t(r) = r**2 + 6*r + 7. Let n = 16 - 22. Let a be t(n). Let i = a - 4. What are the prime factors of i?
3
Let p = 39 + -35. What are the prime factors of p?
2
Let y(k) = -24*k + 18. List the prime factors of y(-2).
2, 3, 11
Let l(y) = y**3 - 11*y**2 + 9*y - 3. Let x be l(9). Let m = 136 + x. What are the prime factors of m?
2, 13
Let l = -19 - -41. List the prime factors of l.
2, 11
Suppose b - 4*k - 10 = 0, 3*b - 3*k + 15 = -0*k. Let y = -8 - b. What are the prime factors of y?
2
Let s = 28 + -14. List the prime factors of 2/(-4) + 91/s.
2, 3
Let x(t) = 8*t**2 + 14*t + 11. List the prime factors of x(-6).
5, 43
Suppose -3*a = -3*u + 16 + 44, a = -u + 16. List the prime factors of u.
2, 3
Let p be 0*(0 - (0 + -1)). Suppose -6*d + d + 95 = p. Suppose 37 = 4*t + 5*n, n + 4*n = 3*t - d. What are the prime factors of t?
2
Let g(y) = y**3 + 6*y**2 - 7*y - 4. Let l be g(-5). Let w = 96 - l. Suppose -8 = 4*z - w. List the prime factors of z.
2
Let c be (4 - 0)/(-2*1). Let v = 19 + c. List the prime factors of v.
17
Let z(s) = -6*s + 8. What are the prime factors of z(-2)?
2, 5
Suppose -2*p = -4*a - 7*p + 452, 5*a = -5*p + 560. What are the prime factors of a?
2, 3
Let s(j) = -j**2 - 2*j + 2. Let z be s(-6). Let w = 35 + z. What are the prime factors of w?
13
Let j = 47 - -13. List the prime factors of j.
2, 3, 5
Suppose x = 4*b - 546, -4*b + b + 416 = -4*x. List the prime factors of b.
2, 17
Let l be 4*(39/12 + -3). What are the prime factors of (0 + 2)/(l/9)?
2, 3
Let f = -21 - -20. Suppose 4*i - 20 = -0. Let y = f + i. List the prime factors of y.
2
Let h = 11 + -6. What are the prime factors of h?
5
Let t(q) = 2*q + 2 - 6*q**2 + q**2 + q**3 + 0*q**2. Let i = 13 + -8. List the prime factors of t(i).
2, 3
Let r(d) = 4 + 3 + 2*d - d + 0*d. What are the prime factors of r(-5)?
2
Suppose 3*i + 0*i = 5*v + 29, i + v = -1. What are the prime factors of (-6)/i + -1 + 24?
3, 7
Let b(f) = f**3 + 4*f**2 - f - 4. Let d be b(-4). Suppose d = k - 6 - 2. Suppose -3*z + k*z = 20. What are the prime factors of z?
2
Suppose -11*i = -6*i - 610. List the prime factors of i.
2, 61
Let d be 12/(-14)*(6 + 1). Let h(m) = m**2 + 4*m - 1. What are the prime factors of h(d)?
11
Suppose -5*s = -18*s + 2977. List the prime factors of s.
229
Suppose 0 = 7*s + 10 - 66. List the prime factors of s.
2
Let s be (-9)/(-12)*4/1. Suppose -19 = -s*c - 4. What are the prime factors of c?
5
Suppose 0 = 35*y - 37*y + 558. What are the prime factors of y?
3, 31
Let v = -1 + -3. Let s be v + (-4)/((-8)/(-6)). Let x = -1 - s. What are the prime factors of x?
2, 3
Let x(c) = -5*c + 3. Let t be x(-9). Suppose u + 2*u = t. List the prime factors of u.
2
Suppose 3 = d - 17. What are the prime factors of d?
2, 5
Suppose 5*c + 5 = -5*f, -3*c - 11 = -3*f + 2*f. List the prime factors of (348/16)/c*-4.
29
Suppose 0 = u - 2 + 11. Let q = u - -33. What are the prime factors of q?
2, 3
Let h(u) = 14*u. What are the prime factors of h(4)?
2, 7
Let d = -59 - -40. Let z = d + 54. List the prime factors of z.
5, 7
Suppose -2*p = 7 - 1. Let c = p - -29. What are the prime factors of c?
2, 13
Let g be -5*(12/(-5))/2. Let p(i) = -i**3 - i + 12. Let z be p(0). Let k = z - g. What are the prime factors of k?
2, 3
Suppose a - 19 = -6. List the prime factors of a.
13
Let g be 0 + (-1 + -2)/1. Let m(y) = -2*y**3 - y**2 + 3*y + 1. List the prime factors of m(g).
37
Suppose 0 = -2*q - s + 10, -4*q + 5*s - 2*s = -10. Suppose q*x = -4*k + 168, 3*k - 90 = 2*x + 16. List the prime factors of k.
2, 19
Suppose 2 = -o + 9. Let s(l) = 5*l + 9. Let h be s(o). Suppose 0 = -k - m + 16, -h = -0*k - 3*k + m. What are the prime factors of k?
3, 5
Let s = 24 + -4. What are the prime factors of s?
2, 5
Let b be (3 + -1)*(-22)/(-4). Let s = b + -1. What are the prime factors of s?
2, 5
Let s(n) be the third derivative of -n**8/6720 + n**6/240 - n**5/30 - n**4/8 - n**2. Let i(f) be the second derivative of s(f). List the prime factors of i(-3).
2, 7
Let m = -3 + 8. Suppose -m*f - 5*x = -0*x - 10, f = -4*x - 13. List the prime factors of f.
7
Let c = 4 + -2. Let p = 23 + c. Let w = p - 15. What are the prime factors of w?
2, 5
Let c = 8 - -20. What are the prime factors of c?
2, 7
Let n(j) = -29*j**3 - 4*j**2 + 3*j + 2. List the prime factors of n(-2).
2, 53
Suppose -z = 4*c - 16, z - 11 = -3*c + 2. What are the prime factors of c?
3
Let k(j) = 3*j**3 - 5*j**2 + 2*j + 8. What are the prime factors of k(4)?
2
Let x = -17 + 19. What are the prime factors of (x/(6/87))/1?
29
Let f(u) = -u + 70. Let p be f(0). List the prime factors of (756/p)/((-3)/(-10)).
2, 3
Let s(y) be the third derivative of y**4/4 + y**3/3 + 5*y**2. List the prime factors of s(5).
2
Let c(m) = 2*m**2 - 1. Let g be c(-1). List the prime factors of g + (-3 - -4)*1.
2
Let n(a) = a**2 + 6*a. Le